 7. Let m be d(-5). Suppose m*g - 3*h = 5*g - 12, 3*g - 33 = 4*h. What are the prime factors of g?
7
Let m be (0 - 1)*(0 + 1). List the prime factors of 3/(m*9/(-6)).
2
Suppose 5*h + 0*h = -2*s + 162, -4*s = 16. Suppose h + 51 = 5*j. What are the prime factors of j?
17
Let o(a) = -a**2 - 5*a + 4. Let r be o(-7). Let k be (-2)/5 + (-54)/r. Suppose 0 = -k*h + 59 - 14. What are the prime factors of h?
3
Let p(u) = 8*u - 13. Let r be p(-7). List the prime factors of (22/6 - 4)*r.
23
Suppose 0 = -b - b - 88. Let f = -26 - b. List the prime factors of f.
2, 3
Suppose -3*m = m - 16. Suppose 0 = -0*c + 3*c - 9. Suppose -m*q - 3*h = -7*q - 3, -c*q - 5*h = -29. List the prime factors of q.
3
Let n(i) = i**3 - 9*i**2 - 21*i - 4. List the prime factors of n(11).
7
Let q = 12 + 49. List the prime factors of q.
61
Let m(q) be the third derivative of -q**6/120 + q**5/12 - q**4/8 - 2*q**3/3 - 4*q**2. Suppose 2 = y - 1. What are the prime factors of m(y)?
5
Let j(d) = d**2 + d + 4. Let x be j(-3). Suppose 2*k = x + 12. What are the prime factors of k?
11
Let h = 18 - -10. Suppose 3*l + 2*k = 3*k + h, 3*l - 3*k - 18 = 0. List the prime factors of l.
11
Suppose -u + 4 = u. What are the prime factors of 87/15 - u/(-10)?
2, 3
Let j = -7 - -29. List the prime factors of j.
2, 11
Let a be 2 - (-2 - 0 - -6). Let i = 5 + a. Suppose -4*m + 3*s + 20 = 7*s, 3*m - 3 = i*s. What are the prime factors of m?
3
Let n(p) = 9*p**2 + p + 3. List the prime factors of n(-3).
3
Let o(l) = l**2 - l + 27. Let z be o(0). Suppose -5*b + z = -73. What are the prime factors of b?
2, 5
Let g(u) = u**2 - 2*u + 4. Let m(c) = -2*c**3 - 4*c**2 - 2*c. Let r be m(-2). Let o be g(r). Suppose 0*i - 3*i = -o. What are the prime factors of i?
2
List the prime factors of (29/(-2))/((-16)/96).
3, 29
What are the prime factors of 1 + 9/(-3) - -32?
2, 3, 5
Let s(r) = -5*r + 8*r + r**2 - 2*r - 2 + 0. Let y be s(2). Suppose -y*l + 61 = 4*z + 5, 0 = -5*l - 3*z + 60. List the prime factors of l.
3
Let u(d) = -11*d**2 + 7*d - 6. Let y(c) = 12*c**2 - 8*c + 7. Let v(i) = -7*u(i) - 6*y(i). List the prime factors of v(-1).
2, 3
Let v(l) = -l**2 - 13*l - 5. List the prime factors of v(-9).
31
Let a(q) = q**2 - 7*q + 9. Let w be a(5). Let c(m) = -3*m - 4. Let n be c(-3). Let r = n - w. List the prime factors of r.
2, 3
Suppose 3*b + 17 = -l, -5*l - 99 = b - 0*b. Let t = -2 - l. List the prime factors of t.
2, 3
Let n(z) = z - 3. Let p be n(0). List the prime factors of p/(-24) - (-395)/40.
2, 5
List the prime factors of -1 - (-4)/(-8)*-26.
2, 3
Let b = -5 - -8. Suppose b*u = -12 - 3, -4*k + 91 = -3*u. List the prime factors of k.
19
Suppose 2*a - 3 = 5*a. What are the prime factors of 1*a/1 - -3?
2
Suppose -14 - 10 = -3*d. Let f(i) = -i**3 + 7*i**2 + 9*i - 5. Let v be f(d). Let c(h) = 3*h**2 - 3*h - 3. What are the prime factors of c(v)?
3, 5
Suppose x = -3*a - 56, -71 = 2*x + 5*a + 44. Let d = -25 - x. List the prime factors of d/25 + (-2)/(-5).
2
Let h be (-22)/(-5) - (-2)/(-5). Suppose -h = -0*f - 2*f. Suppose 3*r - 27 = u + 2*u, -12 = -f*r - 4*u. List the prime factors of r.
2
List the prime factors of -2 - 1 - (2 - 37).
2
Let f(c) = 2*c + 16. What are the prime factors of f(13)?
2, 3, 7
Suppose -7 + 206 = w. What are the prime factors of w?
199
Let i(n) = 4 + 1 - 6 - 7*n - n**2. Let z be i(-6). Suppose 17 = z*r - 28. List the prime factors of r.
3
Suppose a = 3*c - 15, 0 = 5*a - 2*c - c + 15. Let h(s) = s**3 - 2*s**2 + 2*s + 1. Let v be h(3). Suppose 2*g + 2*g - v = a. What are the prime factors of g?
2
Let p(u) = -5*u - 4. Let b be p(3). Let o = b + 31. What are the prime factors of o?
2, 3
Let r(x) be the third derivative of x**6/120 + x**5/15 - x**4/6 + 7*x**3/6 - 4*x**2. List the prime factors of r(-5).
2
Let x = -10 - -15. List the prime factors of x.
5
What are the prime factors of 539/5 - (-13)/65?
2, 3
Suppose -3*s - 6 = 15. Let g(c) = -c**2 - 10*c + 3. Let j be g(s). Let i = j - 12. List the prime factors of i.
2, 3
Suppose -4*f + 11 = -s, 3*s - 4*s = 2*f - 7. Suppose 2*r = -f*p + 21, 4*r + 2*p = 19 + 3. What are the prime factors of (14/r)/((-4)/(-12))?
2, 7
Let t(h) = h**2 - 4*h - 3. Let u be t(5). Suppose u*z - 65 = -3*z. What are the prime factors of z?
13
Suppose 5*b + 4 + 16 = 0. Let n be (5/b)/(1/(-4)). What are the prime factors of 23/n - (-2)/5?
5
Let y(h) be the third derivative of 11*h**4/24 + h**3/2 - 6*h**2. What are the prime factors of y(1)?
2, 7
Suppose 0 = 7*r - 956 - 220. What are the prime factors of r?
2, 3, 7
What are the prime factors of (69/2)/(2/4)?
3, 23
Suppose 2*y + 15 = 2*o - o, 5*y = -2*o + 39. What are the prime factors of o?
17
Let q = 65 + -30. What are the prime factors of q?
5, 7
Let o(u) = -u**3 - 11*u**2 - 2*u - 15. Let t be o(-11). Suppose -t = d - 17. What are the prime factors of d?
2, 5
Let j(l) = l**2 + 17*l + 29. List the prime factors of j(-20).
89
Let g(p) = 8*p + 1. Let y be g(1). Let i = y - -8. What are the prime factors of i?
17
Let f be 15/1*4/6. Suppose o = 3*o - f. Suppose o = -2*r + 17. What are the prime factors of r?
2, 3
Let p(j) = 19*j**2. List the prime factors of p(-1).
19
Let t be ((-4)/6)/(5/(-75)). Suppose 0 = -3*g + t + 38. What are the prime factors of g?
2
Let m(p) = 4*p**2 - 2. What are the prime factors of m(2)?
2, 7
Let w be 3/9 - (-88)/6. Let a(b) = b**3 - b**2 - b + 7. Let c be a(0). Suppose c*h - 3*h + 5*q = w, 3*h - 25 = -q. What are the prime factors of h?
2, 5
Let q(h) = h - 8. Let t be 12/((1 + -3)/(-2)). List the prime factors of q(t).
2
Suppose 89 = 3*k - 43. What are the prime factors of k?
2, 11
Let t = -64 - -90. Let n = t - 16. What are the prime factors of n?
2, 5
Let k = 7 + -4. Suppose k*z - 295 = -2*z - 5*x, -108 = -2*z - 4*x. Suppose -d = 5*j - 2*j - 24, -z = -5*d - j. List the prime factors of d.
2, 3
Suppose -4*y + m = 63, -2*m + 84 = -5*y - 6*m. Let f = y + 23. What are the prime factors of f?
7
Let g(t) = -6*t. Suppose 3*u = -4 - 2. List the prime factors of g(u).
2, 3
Let b(v) = -v**2 + v + 11. Let n be b(0). Suppose -n = 3*q - 32. What are the prime factors of q?
7
Let z(w) = -w - 4. Let b be z(-7). Suppose -5*x - 5*l = -25, -12 = b*x - 2*l - 37. Suppose x = 2*s - s. List the prime factors of s.
7
Let c(b) = 3*b**3 - 7*b**2 - 5*b - 13. Let v(h) = -h**3 - h + 1. Let t(g) = c(g) + 4*v(g). What are the prime factors of t(-6)?
3
Let o = 13 + -8. Let r(z) = -z**3 - 3*z**2 - 3. Let k be r(-3). Let i = k + o. What are the prime factors of i?
2
Let b = -20 - -6. What are the prime factors of (-8)/b - 429/(-21)?
3, 7
Let c(j) = 3*j - 12. Let q be -19 + 2*(3 + -4). Let p = q - -29. List the prime factors of c(p).
2, 3
Let g = 14 + -10. Suppose 6*i - g = 4*i. What are the prime factors of 20 + (i - 2)/3?
2, 5
Let f(g) = -g**3 - 10*g**2 - 9*g + 2. Let w = -3 - 6. Let y be f(w). Suppose 0 = r - 5 - y. List the prime factors of r.
7
Let h = 29 - -3. List the prime factors of h.
2
Let t(k) = 1 - 4 + 2 - k**2 + 9*k. List the prime factors of t(6).
17
Let s(j) be the third derivative of j**5/60 - 5*j**4/24 + j**3 + 3*j**2. Let g(z) = z + 11. Let p be g(-6). List the prime factors of s(p).
2, 3
Let z = 10 - 6. Let b(c) = 11*c**2 - 3*c + 21. Let q(d) = 5*d**2 - 2*d + 10. Let t(m) = z*b(m) - 9*q(m). What are the prime factors of t(4)?
2
Suppose 0 = 2*t + 3*t - 310. What are the prime factors of t?
2, 31
Let k = -24 + 158. What are the prime factors of k?
2, 67
Let v = -1 + 3. Suppose 4*k = v*n - 8, 0*k = -5*n - 2*k + 44. What are the prime factors of n?
2
Let c(k) = -7*k + 1. Let h(l) = -8*l + 2. Let a(s) = 5*c(s) - 4*h(s). What are the prime factors of a(-4)?
3
Suppose 2*j + j = 6. Let k(i) = -2*i**2 - i**3 + j*i - 3*i + 7*i**2. What are the prime factors of k(4)?
2, 3
Suppose 7*j + 3*l = 2*j + 38, -5*l = 2*j. Let w(t) = t**2 - 4. Let f be w(5). Let n = f - j. List the prime factors of n.
11
Suppose 71 = -5*o + 226. What are the prime factors of o?
31
Let l = -12 - -24. Suppose s + l - 37 = 0. What are the prime factors of s?
5
List the prime factors of 1/((-4383)/6615 - (-2)/3).
5, 7
Let i be 3 + -5 + 10/2. Suppose 0*u - i*u + 6 = 0. List the prime factors of u.
2
Suppose 4*l - 420 = 856. List the prime factors of l.
11, 29
Suppose -4*n - 4 = 5*o, -n = -3*n - 5*o - 12. List the prime factors of (3 + -2 - n) + 14.
11
Let i(